{"id":131,"date":"2023-03-06T17:44:49","date_gmt":"2023-03-06T17:44:49","guid":{"rendered":"https:\/\/maqnusa.com\/?page_id=131"},"modified":"2023-08-06T17:29:34","modified_gmt":"2023-08-06T22:29:34","slug":"quienes-somos","status":"publish","type":"page","link":"https:\/\/maqnusa.com\/?page_id=131","title":{"rendered":"Quienes Somos"},"content":{"rendered":"<div class=\"entry-content\">\n<div style=\"background-color: #ffffff; opacity: 0.8; border-radius: 5px 10px; box-shadow: 2px 2px 5px;\">\n<div style=\"margin: 20px; text-align: justify;\">\n<h1>Nosotros<\/h1>\n<p><img loading=\"lazy\" decoding=\"async\" class=\"aligncenter size-full wp-image-548\" src=\"maqnusa_logo.png\" alt=\"MAQNUSA\" width=\"384\" height=\"181\" \/><\/p>\n<p><strong>Quienes somos: \u00a0 \u00a0 \u00a0 \u00a0 \u00a0 \u00a0 \u00a0 \u00a0 \u00a0 \u00a0 \u00a0 \u00a0 \u00a0 \u00a0 \u00a0 \u00a0 \u00a0 \u00a0 \u00a0 \u00a0 \u00a0 \u00a0 \u00a0 \u00a0 \u00a0 \u00a0 \u00a0 \u00a0 \u00a0 \u00a0 \u00a0 \u00a0 \u00a0 \u00a0 \u00a0 \u00a0 \u00a0 \u00a0 \u00a0 \u00a0 \u00a0 \u00a0 \u00a0 \u00a0 \u00a0 \u00a0 \u00a0 \u00a0 \u00a0 \u00a0 \u00a0 \u00a0 \u00a0 \u00a0 \u00a0 \u00a0 \u00a0 \u00a0 \u00a0 \u00a0 \u00a0 \u00a0 \u00a0 \u00a0 \u00a0 \u00a0 \u00a0 \u00a0 \u00a0 \u00a0 \u00a0 \u00a0 \u00a0 \u00a0 \u00a0 \u00a0 \u00a0 \u00a0 \u00a0 \u00a0<\/strong><\/p>\n<p style=\"text-align: left;\">Bienvenido a Maqnusa, somos un negocio familiar y\u00a0 <span style=\"color: #333333; text-transform: none; text-indent: 0px; letter-spacing: normal; font-family: 'Crete Round','Open Sans',serif; font-size: 23.5px; word-spacing: 0px; display: inline !important; white-space: normal; orphans: 2; widows: 2; float: none; -webkit-text-stroke-width: 0px; background-color: #ffffff;\"><span style=\"font-size: 20px;\"><b><i>\u00abNuestra fortaleza radica en que somos m\u00e1s que una empresa familiar, somos una familia en la empresa.\u00bb,<\/i><\/b><\/span><span style=\"color: #008000; font-family: 'Open Sans',sans-serif; font-size: large;\">\u00a0<\/span><\/span><span style=\"text-align: justify; text-transform: none; text-indent: 0px; letter-spacing: normal; font-style: normal; font-variant: normal; font-weight: 400; text-decoration: none; word-spacing: 0px; display: inline !important; white-space: normal; orphans: 2; float: none; -webkit-text-stroke-width: 0px; background-color: #ffffff;\">\u00a0<\/span>trabajamos todos en equipo para satisfacer las necesidades de nuestros clientes.<\/p>\n<p>Contamos con maquinaria y equipo para la elaboraci\u00f3n de tortillas de harina normal, integral y tortilla semi cocida, a su vez tambi\u00e9n manejamos equipo para la elaboraci\u00f3n de pan y pizzas.<\/p>\n<p>Iniciamos desde hace 15 a\u00f1os con tortiller\u00edas de harina y de ah\u00ed nos surgi\u00f3 la idea de realizar m\u00e1quinas para la elaboraci\u00f3n de ellas, de manera sencilla, de f\u00e1cil manejo y sobre todo al mejor precio del mercado.<\/p>\n<p>Nuestro negocio est\u00e1 ubicado en Monterrey, N.L. y nos dedicamos a la fabricaci\u00f3n de equipos para elaborar tortillas de harina.<\/p>\n<p>Las elaboramos de manera sencilla para que si usted pueda adaptarse mucho m\u00e1s f\u00e1cil a ellas, de tal manera que usted mismo pueda realizarle el mantenimiento y as\u00ed evitarle gastos innecesarios de reparaciones.<\/p>\n<p>A su vez contamos con la venta de refacciones y piezas de las maquinas que fabricamos.<\/p>\n<p>Lo m\u00e1s importante es que nosotros nos basamos a lo que usted requiere, ya que como somos fabricantes podemos hacer modificaciones en nuestra maquinaria.<\/p>\n<p>Esto para su satisfacci\u00f3n ya que si requiere de alguna maquina con medidas especiales, nos adaptamos a lo que usted necesita.<\/p>\n<p>Lo invitamos a conocer cada secci\u00f3n de nuestro sitio web y estamos a sus ordenes para cualquier duda o aclaraci\u00f3n.<\/p>\n<\/div>\n<\/div>\n<\/div>\n<p><!-- .entry-content --><\/p>\n","protected":false},"excerpt":{"rendered":"<p>Nosotros Quienes somos: \u00a0 \u00a0 \u00a0 \u00a0 \u00a0 \u00a0 \u00a0 \u00a0 \u00a0 \u00a0 \u00a0 \u00a0 \u00a0 \u00a0 \u00a0 \u00a0 \u00a0 \u00a0 \u00a0 \u00a0 \u00a0 \u00a0 \u00a0 \u00a0 \u00a0 \u00a0 \u00a0&#8230;<\/p>\n","protected":false},"author":3,"featured_media":0,"parent":0,"menu_order":0,"comment_status":"closed","ping_status":"closed","template":"","meta":{"footnotes":""},"class_list":["post-131","page","type-page","status-publish"],"_links":{"self":[{"href":"https:\/\/maqnusa.com\/index.php?rest_route=\/wp\/v2\/pages\/131","targetHints":{"allow":["GET"]}}],"collection":[{"href":"https:\/\/maqnusa.com\/index.php?rest_route=\/wp\/v2\/pages"}],"about":[{"href":"https:\/\/maqnusa.com\/index.php?rest_route=\/wp\/v2\/types\/page"}],"author":[{"embeddable":true,"href":"https:\/\/maqnusa.com\/index.php?rest_route=\/wp\/v2\/users\/3"}],"replies":[{"embeddable":true,"href":"https:\/\/maqnusa.com\/index.php?rest_route=%2Fwp%2Fv2%2Fcomments&post=131"}],"version-history":[{"count":5,"href":"https:\/\/maqnusa.com\/index.php?rest_route=\/wp\/v2\/pages\/131\/revisions"}],"predecessor-version":[{"id":559,"href":"https:\/\/maqnusa.com\/index.php?rest_route=\/wp\/v2\/pages\/131\/revisions\/559"}],"wp:attachment":[{"href":"https:\/\/maqnusa.com\/index.php?rest_route=%2Fwp%2Fv2%2Fmedia&parent=131"}],"curies":[{"name":"wp","href":"https:\/\/api.w.org\/{rel}","templated":true}]}}